t s be c/8 + (-3)/2. Suppose 0 = 3*k - s*i - 11, 3*i + 11 = 3*k - 4*k. What is the units digit of k?
1
Let o(c) = c + 13. Let f be o(-8). Suppose l - 12 = -v + 2*l, 0 = -3*v - f*l + 68. What is the tens digit of v + 5/((-10)/4)?
1
Let m = 17 + -12. Let n = -2 + m. Suppose -t - n*w = -25, -t + 2*t = w + 5. What is the units digit of t?
0
Let q = 5 - 1. Suppose -2*v + 5*v + q*n - 13 = 0, -3*n - 41 = -5*v. What is the units digit of v?
7
Suppose 3*p = -6*p + 144. What is the units digit of p?
6
Let m(w) = 5*w**3 + 4*w**2 - 3*w + 5. Let f(p) = 14*p**3 + 11*p**2 - 9*p + 14. Let a(c) = 6*f(c) - 17*m(c). What is the units digit of a(-2)?
5
Let c be (-28)/6*(-1296)/84. Let j = c - 50. What is the tens digit of j?
2
Let k = -16 - -48. What is the tens digit of k?
3
Let g = 34 + -12. What is the tens digit of g?
2
Let n = 2 + 2. Let o be (1 - 0) + 2/1. Suppose -4*f + y + 22 = 3*y, n*y = o*f. What is the units digit of f?
4
Let c(o) = o**3 + 7*o**2 - 9*o - 11. Let f be c(-8). Let p(r) = -11*r - 1. Let x be p(f). What is the units digit of (3/(-2))/((-6)/x)?
8
Let t = 296 - 174. What is the tens digit of t?
2
Let r = 205 + -127. What is the tens digit of r?
7
Let c be (2/(-3))/((-4)/18). Suppose 0 = c*u + z + 4, 5*u - 3*z = -6 + 18. Let m(h) = -h + 5. What is the units digit of m(u)?
5
Let z(t) = t + 1. Let k be z(2). Suppose -4*v + 5 - 26 = -u, u - k*v = 21. What is the units digit of u?
1
Suppose 3*w - 13 = -2*j, 4*w - 9 = -w + 3*j. Suppose 0*h + 3 = w*h. What is the units digit of h?
1
Let l = 9 + 9. What is the units digit of l?
8
Let d be (-69)/(-18) - (-2)/12. Suppose 2*a + 3*a + d*w = 28, -2*a + 4 = -2*w. Suppose -a*c = v - 28, -4*c + 3 - 35 = -4*v. What is the tens digit of v?
1
Let r(k) = k + 4. Let o be r(-2). Suppose 0*q + 30 = o*q. What is the units digit of q?
5
Suppose 0*a + 134 = 2*a. What is the tens digit of a?
6
Let j be (-3 + 0)*(-21)/9. Suppose j*c - 17 = 6*c. What is the tens digit of c?
1
Let m(z) be the second derivative of z**5/20 - 7*z**4/12 + 7*z**3/6 + 4*z**2 + 2*z. What is the tens digit of m(6)?
1
Suppose -3*b - 24 = -j - 0*b, 4*j + 5*b - 96 = 0. What is the tens digit of j?
2
Suppose 2*c - 13 = 75. What is the tens digit of c?
4
Let s(f) = -3*f**3 - 3*f**2 - f - 2. Suppose -5*a - 18 = -4*j, -3*a - 5*j = -0*a - 4. What is the tens digit of s(a)?
1
Let g = 6 - 4. Let y be 4*g/(-5 + 3). What is the units digit of 76/6*(-6)/y?
9
Suppose 5*p - 5 = -0. Suppose 0 = -3*x + 11 + p. Suppose 0 = 5*s - 0*u + 2*u - 57, -4*s + 48 = x*u. What is the tens digit of s?
1
Let k(f) = -f - 8. Let r be k(-11). Suppose s = r*s - 14. What is the units digit of s?
7
Let g = 215 + 67. What is the tens digit of g?
8
Let l = -16 + 57. What is the units digit of l?
1
Let s(w) = w**2 + 1. Suppose 6*n - n = -5. Let d be s(n). Suppose d*a + 5 = 11. What is the units digit of a?
3
Let t(s) = -s + 1. Let u be t(-4). Suppose 0 = -p + 3, -5*j = u*p - 64 - 86. What is the tens digit of j?
2
What is the tens digit of 682/14 - 4/(-14)?
4
Let o be ((-24 - -3) + 1)*-1. What is the units digit of (1 - o/12)*-45?
0
Suppose -581 = 8*r - 15*r. What is the units digit of r?
3
Suppose 2*z = 5*t - 175, -4*z - 152 = -3*t - t. What is the units digit of t?
3
Let y(q) = 8*q**3 + 3*q**2 - 3*q + 5. What is the tens digit of y(2)?
7
Suppose 0 = 5*t - 3*t. Suppose -2*i - h + 8 = t, 28 = 6*i - 2*i + 5*h. Suppose 14 = i*o - 4. What is the units digit of o?
9
Suppose 4*j - 3*y - 1309 = 0, -2*j - 4*y + 559 = -101. What is the hundreds digit of j?
3
Let j be -40*1/(0 - 2). Let m = j - 10. Suppose 2*n + 6 = -2*q, 2*q + 2*q = -5*n - m. What is the units digit of n?
2
Let f = 129 - 99. What is the units digit of f?
0
Let x(t) = -t**3 - 4*t**2 - 2*t - 6. Suppose -5*i + 31 = 3*w + w, -i = 2*w - 5. Let p = i - 11. What is the units digit of x(p)?
2
Suppose 5*j - 4*u + 42 = 0, 2*j - 9 = -5*u - 39. What is the units digit of 2/j + (-105)/(-25)?
4
Let m be (-1 + 0)*3*-1. Suppose -j + 6*j - 3*d = 13, -4*j + 24 = d. Let c = j - m. What is the units digit of c?
2
Suppose 2*d - 14 = -2. Suppose t - d*t = -25. What is the units digit of (-20)/t*(-3 + -1)?
6
Suppose 48*b - 108 = 45*b. What is the tens digit of b?
3
Let k(x) = 104*x**3 + x**2 + x - 1. Let l be k(1). Suppose -5*w + 50 + l = 0. What is the units digit of w?
1
Let a(l) = -11*l + 6. What is the tens digit of a(-10)?
1
Suppose 162 = 3*p - 3*f, -13 = 2*f - 3. What is the tens digit of p?
4
Let j be (18/(-4))/((-1)/12). Suppose 2*d + j = 8*d. What is the units digit of d?
9
Let c = 23 + -23. Let m(b) = -7*b**2 - 5*b - 29. Let o(u) = -10*u**2 - 7*u - 43. Let a(g) = 7*m(g) - 5*o(g). What is the units digit of a(c)?
2
Suppose 3*j - 200 + 65 = 0. What is the tens digit of j?
4
Let p(o) be the first derivative of o**3/3 - 3*o**2 + 8*o + 1. Let i be (-24)/8 - (-10 - -1). What is the units digit of p(i)?
8
Suppose -3 - 5 = -j. What is the units digit of (j/(-6))/(10/(-255))?
4
Let z(j) = -j**2 - 1 + j**3 + 7*j + 0*j**2 - 6*j. Let h be z(2). Suppose -u = h*f - 11, 3*f - 5*u - 21 = -2*u. What is the units digit of f?
3
Suppose -5*b - 44 = -2*g - 0*g, 4*g = -2*b - 32. Let l = -9 - b. What is the units digit of l?
1
Let j(y) = -y**2 + 13*y + 14. Let x be j(14). Suppose 8 = -4*t, -u + 2*t + 7 = -x*u. Suppose 85 = 5*m + 4*a, 78 = 2*m + m - u*a. What is the units digit of m?
1
Let u = 89 + 25. What is the hundreds digit of u?
1
Suppose -2*p - a = -201, 4*p = 2*a - 3*a + 399. What is the units digit of p?
9
Let i = -6 + 8. Suppose 0 = -3*u + 4*s + 20, 2*s = 3*u - i*u - 6. What is the units digit of u?
8
Suppose -16*x + 14*x = -770. What is the tens digit of x?
8
Suppose -4*k = -b - 19, -4*b - 2 = -b - k. Let c(o) = 14*o**2 - 7*o**2 - o - b + 0*o. What is the units digit of c(-1)?
7
Let k be ((-24)/(-14))/((-1)/(-7)). Suppose v - k = -2*v. Suppose 3 = -a + v*a. What is the units digit of a?
1
Let l be -1 + 2/(1*-2). Let k(m) = -4*m - 2. What is the units digit of k(l)?
6
Let r(v) = -2*v**3 - 3*v**2 - v - 2. Let f be r(-2). Let x(g) = -g**2 + 4*g + 2. What is the units digit of x(f)?
2
Let b(r) = r**3 + 7*r**2 + 5*r - 2. Let m be 14/(-21)*9/1. Let o be b(m). Suppose -1 = n - o. What is the units digit of n?
3
Let u be ((-9)/(-2))/((-6)/8). Let b(l) = -l - 1. What is the units digit of b(u)?
5
Let c = 541 - 209. What is the hundreds digit of c?
3
Suppose 2*n + 2 = 0, -u - 5*n - 25 = -3*u. Let s be 4*(u/4 + 1). Suppose 2*b + s = r, 3*b = -3*r - r + 34. What is the tens digit of r?
1
Suppose 4*j - 4*f - 112 = 0, -20 = 6*f - 11*f. What is the units digit of j?
2
Suppose 2*n = 2*y - 102, 2*n - 41 = -y - 2*n. What is the units digit of y?
9
Let d(q) = q**2 + 19*q - 35. What is the units digit of d(-24)?
5
Let k(a) = -a**2 - 13*a + 4. What is the tens digit of k(-10)?
3
Suppose 6*m - m = 15. Suppose 28 = -2*r + 6*r + 4*k, 0 = m*r - 4*k - 7. Suppose -v = 3*n + v - 1, -r = -4*n + v. What is the units digit of n?
1
Suppose 6*i - 910 = -i. What is the units digit of i?
0
Let o = 9 - 7. What is the units digit of ((-22)/(-4) - -3)*o?
7
Suppose 7*q + 130 = 340. What is the units digit of q?
0
Let v(s) = -13*s + 6. What is the units digit of v(-20)?
6
What is the tens digit of -2 - (2/(-1) - 35)?
3
Let u = 3 - 0. Suppose 0 = 5*z, z - 126 = -u*g - 2*z. What is the tens digit of g?
4
Let y(f) = -13*f - 12. What is the tens digit of y(-8)?
9
Let h(c) = -c**3 + 9*c**2 + 2*c - 3. Let i be h(9). Let r = 7 + -4. What is the units digit of (0 + r)*50/i?
0
Suppose -45 = a + 4*a. Let v be 12/(-9)*a/2. What is the units digit of (-2)/v + 56/6?
9
What is the units digit of 0/(3 - 6) + (-1 - -5)?
4
Let k(z) = -z**3 + 6*z**2 - 3*z - 2. Let s be k(3). Suppose 5*d - 5*y = -10*y - 15, -3*y = -4*d + s. What is the units digit of d?
1
Let f be (1/1)/(2/36). Let t be (-40)/3*f/(-15). Let p = 22 - t. What is the units digit of p?
6
Let p be 20/(((-20)/(-8))/5). Suppose 9*z - 8*z - p = 0. What is the units digit of z?
0
Let w be (-3)/(-5) + (-235)/(-25). Let y = w + -7. What is the units digit of y?
3
Let c = -5 + 1. What is the units digit of 2*4/(-8)*c?
4
Let m be (-1 + 6)*(-6)/(-5). Let a = 4 - m. What is the units digit of (-2 - (-2)/a)/(-1)?
3
Let w(d) = d + 5. Let u be w(-5). Let f(k) = -k + 25. Let s be f(u). Suppose y - 16 = -r, y - s - 8 = -2*r. What is the tens digit of r?
1
Le